Calculate b(35).
-41
Let q(z) = 5*z**2 - 178323*z - 1248505. What is q(-7)?
1
Let n(j) = -560574*j + 6166318. Give n(11).
4
Let z(k) = -83*k - 24. What is z(11)?
-937
Let j(b) = 2395*b - 275419. Give j(115).
6
Let k(x) = 65*x**2 - 14020*x - 4321. Calculate k(216).
-1
Let w(s) = 38*s**2 + 16757*s - 454. Determine w(-441).
-13
Let f(y) = -78*y - 1478. What is f(-21)?
160
Let c(n) = 17164*n - 85854. What is c(5)?
-34
Let l(i) = -3*i**2 + 1177*i - 42249. Determine l(40).
31
Let h(k) = -189*k**2 - 1238*k - 44. Give h(-6).
580
Let u(g) = 2*g**2 - 3409*g - 100556. Determine u(-29).
-13
Let n(g) = 19*g**2 + 105*g - 9258. Give n(-25).
-8
Let r(b) = -21*b**3 - 278*b**2 - 13*b + 677. Calculate r(-13).
1
Let m(f) = f**2 - 1337*f + 9383. What is m(7)?
73
Let v(t) = 2*t**2 + 22556*t - 769186. What is v(34)?
30
Let r(h) = -4971*h - 347966. Determine r(-70).
4
Let o(q) = 27990*q - 251927. Determine o(9).
-17
Let t(p) = 22350*p - 5185180. Determine t(232).
20
Let p(k) = -84*k - 402. Give p(5).
-822
Let p(h) = -236*h + 16086. Calculate p(66).
510
Let z(k) = -k**3 - 80*k**2 - 133*k + 1609. What is z(-78)?
-185
Let p(h) = -h**2 - 29*h + 1959. Determine p(32).
7
Let c(t) = t**2 - 5695*t - 125768. Determine c(-22).
6
Let n(a) = 5058*a - 10150. Give n(2).
-34
Let z(f) = -3*f**3 + 5504*f**2 - 25719*f + 181182. Calculate z(1830).
12
Let a(c) = 321*c + 21576. Calculate a(-71).
-1215
Let q(k) = 7049*k - 260720. Calculate q(37).
93
Let b(u) = -u**3 + 142*u**2 - 299*u + 2681. Give b(140).
21
Let g(z) = 126*z**3 - 636*z**2 + 211*z - 1035. Give g(5).
-130
Let v(b) = -b**3 + 8*b**2 - 349*b + 5688. Calculate v(17).
-2846
Let y(n) = -3602*n + 1977492. What is y(549)?
-6
Let b(v) = -2*v**2 + 373*v - 17234. Give b(89).
121
Let s(f) = -19649*f - 314408. What is s(-16)?
-24
Let z(b) = b**3 - 17*b**2 + 33*b + 353. What is z(12)?
29
Let h(w) = w**2 + 155*w - 3651. Determine h(25).
849
Let b(v) = 673*v - 5297. Calculate b(8).
87
Let q(p) = -2*p**3 - 24*p**2 - 18*p - 171. Calculate q(-5).
-431
Let t(c) = c**3 + 9*c**2 - 19023*c - 171119. Calculate t(-9).
88
Let r(t) = 14206*t + 227295. Give r(-16).
-1
Let n(u) = u**3 + 51*u**2 - 566*u - 5584. What is n(-59)?
-38
Let r(h) = -53790*h - 2850857. What is r(-53)?
13
Let k(j) = j**2 - 941*j + 107349. What is k(133)?
-115
Let v(o) = -1809*o**2 - 130252*o - 296. Calculate v(-72).
-8
Let h(m) = -53*m**2 - 10992*m + 6386. Give h(-208).
-270
Let s(f) = -56*f**3 - 8*f**2 + 118*f - 202. Determine s(2).
-446
Let a(z) = 617*z + 88810. Determine a(-144).
-38
Let w(c) = -1712*c + 71785. Determine w(42).
-119
Let k(o) = -10704*o + 406786. Calculate k(38).
34
Let s(z) = 2*z**3 - 39*z**2 + 367*z - 1499. Calculate s(8).
-35
Let u(g) = -2*g**3 + 132*g**2 - 585*g - 1687. Determine u(7).
0
Let q(b) = -371*b - 11922. Give q(-32).
-50
Let y(q) = 18968*q + 190527. What is y(-10)?
847
Let d(w) = -12632*w - 138739. Calculate d(-11).
213
Let n(k) = 3287*k - 447070. Determine n(136).
-38
Let d(j) = -2*j**3 - 10*j**2 - 698*j - 2023. Give d(-3).
35
Let g(b) = -2560*b - 40321. Give g(-16).
639
Let a(v) = v**3 - 25*v**2 + 101*v + 700. Give a(13).
-15
Let n(o) = -o**2 - 2926*o - 52345. What is n(-18)?
-1
Let g(m) = m**2 - 190*m - 6830. What is g(-31)?
21
Let o(u) = -u**2 - 223*u + 6767. Give o(24).
839
Let y(d) = -d**3 + 5*d**2 + 51*d - 16. Give y(11).
-181
Let b(n) = -16*n**2 + 2089*n - 1316. What is b(130)?
-146
Let z(m) = m**3 + 4*m**2 - 7214*m - 810. Determine z(83).
-229
Let w(d) = -28*d**2 + 1123*d - 274. Determine w(40).
-154
Let d(f) = 95957*f + 95973. Give d(-1).
16
Let j(d) = d**3 - 25*d**2 + 165*d - 906. What is j(19)?
63
Let v(s) = -1492*s + 8564. Determine v(6).
-388
Let k(o) = 69908*o - 2446885. Determine k(35).
-105
Let u(f) = 113*f**2 + 29669*f - 13149. Calculate u(-263).
1
Let x(v) = 3*v**3 + 2476*v**2 + 830*v + 4263. Calculate x(-825).
138
Let x(q) = -4*q**2 - 1929*q + 184371. Determine x(-564).
-57
Let h(u) = -2*u**2 - 2162*u - 143481. Determine h(-71).
-61
Let y(d) = -d**3 + 126*d**2 + 450297*d - 6126. What is y(-611)?
-16
Let t(f) = -7*f**2 - 121*f + 218. Give t(-24).
-910
Let b(u) = 2*u**2 + 88*u - 13790. What is b(-109)?
380
Let l(u) = -164*u**3 - 73471*u**2 + 452*u + 1799. Calculate l(-448).
7
Let t(v) = -v**3 - 35*v**2 + 46*v + 191. Determine t(-37).
1227
Let p(m) = 624847*m - 2499364. Determine p(4).
24
Let j(k) = -2*k**2 - 737*k + 7892. Give j(-379).
-67
Let b(i) = 6*i**3 - 24*i**2 + 6*i - 31. Calculate b(5).
149
Let p(s) = 553*s - 28762. Calculate p(52).
-6
Let o(s) = -44481*s - 10141664. Give o(-228).
4
Let w(i) = -139554*i - 10885214. Calculate w(-78).
-2
Let m(x) = -2*x**3 - 22*x**2 + 30*x + 159. Calculate m(3).
-3
Let j(p) = -3*p**2 + 35617*p + 820771. What is j(-23)?
-7
Let u(n) = -66*n**2 - 1378*n - 2768. Calculate u(-2).
-276
Let h(l) = -4303*l**2 - 94668*l - 43. Determine h(-22).
1
Let y(d) = -8*d**3 - 232*d**2 + 40*d + 1164. What is y(-29)?
4
Let z(k) = 690857*k - 11744569. What is z(17)?
0
Let q(f) = 2*f**3 - 251*f**2 - 420*f + 4773. Determine q(127).
-180
Let v(o) = -197*o**2 - 11*o + 24. Determine v(2).
-786
Let f(h) = -2*h**3 + 39*h**2 + 393*h - 1648. Determine f(26).
-218
Let t(y) = -216*y - 1216. What is t(-9)?
728
Let p(f) = 21418*f - 44716. Determine p(2).
-1880
Let i(t) = 2438*t**2 + 92641*t - 109. Determine i(-38).
5
Let r(p) = -p**3 + 1359*p**2 - 2704*p - 7. What is r(2)?
13
Let g(k) = k**2 - 1072*k - 58486. Give g(-52).
-38
Let y(s) = 2*s**3 + 26*s**2 + 176*s + 2701. Give y(-17).
-2603
Let c(n) = 84884*n - 424245. Determine c(5).
175
Let g(y) = y**3 + y**2 - 990*y + 6529. Give g(7).
-9
Let h(v) = -432*v - 2144. Determine h(-7).
880
Let l(j) = -67*j**2 - 875*j - 2746. Determine l(-6).
92
Let k(y) = 257*y**2 + 10029*y + 254. What is k(-39)?
20
Let k(a) = -373*a + 3611. Determine k(6).
1373
Let f(k) = -12102*k + 72780. What is f(6)?
168
Let j(b) = -918*b - 34872. Determine j(-38).
12
Let a(k) = 60*k + 2708. Give a(-45).
8
Let f(w) = -98*w**2 + 1195*w - 2185. Give f(10).
-35
Let f(r) = -r**3 + 82*r**2 - 4*r - 1394. Give f(-4).
-2
Let i(v) = 154*v - 3850. Determine i(34).
1386
Let g(c) = -2*c**3 + 45*c**2 + 116*c + 290. Determine g(25).
65
Let q(b) = -17*b - 1045. What is q(-14)?
-807
Let m(c) = 251*c**3 + 1002*c**2 + 305*c + 1253. Calculate m(-4).
1
Let g(u) = -165*u + 4844. Give g(26).
554
Let w(i) = -4*i**3 + 285*i**2 + 184*i + 2025. Give w(72).
-279
Let n(m) = 6*m**2 + 166*m - 2667. What is n(-39)?
-15
Let r(w) = 9*w**2 + 5661*w - 17021. Calculate r(3).
43
Let y(r) = 98*r**3 - 1076*r**2 + 87*r - 1181. Calculate y(11).
18
Let o(y) = y**3 - 63*y**2 - 1084*y - 73. Give o(-14).
11
Let i(g) = -42*g**2 - 9073*g - 9148. Determine i(-215).
97
Let f(t) = 3*t**3 - 3*t**2 - 42*t - 134. Calculate f(-3).
-116
Let j(c) = 339*c + 13408. Determine j(-40).
-152
Let r(q) = 174*q**2 + 10623*q + 537. What is r(-61)?
-12
Let a(x) = 40*x**3 - 3479*x**2 + 344*x - 37490. Calculate a(87).
7
Let l(p) = -449*p - 21526. Give l(-55).
3169
Let p(f) = 89822*f + 628751. What is p(-7)?
-3
Let u(n) = 49586*n + 198378. Calculate u(-4).
34
Let r(w) = -109949*w - 659695. Calculate r(-6).
-1
Let j(v) = -2*v**3 - 74*v**2 - 87*v - 611. Give j(-36).
-71
Let k(w) = -2554*w + 2577. What is k(1)?
23
Let t(h) = 4*h**3 - 27*h**2 - 431*h + 338. Calculate t(14).
-12
Let g(r) = 17*r**2 - 29*r + 324. Give g(9).
1440
Let n(f) = -3*f**2 - 73*f - 21. What is n(-12)?
423
Let m(j) = -2*j**2 + 104*j + 568. Calculate m(-5).
-2
Let l(o) = -o**2 + 740*o + 71063. Give l(-86).
27
Let g(a) = 11806*a - 1570212. Calculate g(133).
-14
Let r(w) = w**2 - 73429*w + 1101297. Give r(15).
87
Let m(s) = 2*s**2 - 2687*s + 381771. Determine m(1182).
-15
Let y(l) = 627*l**2 - 73*l + 200. What is y(3)?
5624
Let w(q) = 78*q**2 - 380*q - 11. What is w(5)?
39
Let n(h) = -277*h**2 - 298*h - 184. Give n(-2).
-696
Let a(j) = 6*j**2 + 1425*j + 5683. Calculate a(-4).
79
Let t(v) = 6440*v + 103019. Determine t(-16).
-21
Let k(j) = -56548*j - 169648. Give k(-3).
-4
Let h(a) = -a**3 + 513*a**2 - 9279*a + 5586727. Determine h(516).
-5
Let z(b) = -b**3 + 32*b**2 - 64*b + 1240. Give z(32).
-808
Let x(k) = k**3 - 60*k**2 - 141*k + 14919. Determine x(58).
13
Let c(o) = 59*o + 6886. Determine c(-118).
-76
Let h(l) = l**3 + 44*l**2 - 358*l + 209. Determine h(-51).
260
Let n(r) = 4*r**3 + 305*r**2 + 55*r - 1609